{"id":152,"date":"2019-03-07T19:44:07","date_gmt":"2019-03-07T18:44:07","guid":{"rendered":"http:\/\/lunatic.de\/WP-Lunatic\/?page_id=152"},"modified":"2020-04-21T13:17:16","modified_gmt":"2020-04-21T11:17:16","slug":"design","status":"publish","type":"page","link":"https:\/\/lunatic.de\/WP-Lunatic\/design\/","title":{"rendered":"1. Design"},"content":{"rendered":"\n<p>Design steht am Ende des Innovationsprozesses. Design ist, was der Nutzer zuerst zu sehen bekommt. Deshalb steht Design \u00fcber dem gesamten Wertfindungsprozess von der Beratung bis zur erfolgreichen Digitalisierung.<\/p>\n\n\n\n<p>Wir denken Produkte und Dienstleistungen vom Design kommend.<\/p>\n\n\n\n<p style=\"text-align:center\">&#8211; Design Thinking &#8211;<\/p>\n\n\n\n<p>Gemeinsam mit Ihnen entwickeln wir f\u00fcr immer neue Kommunikationskan\u00e4le zielgerichtete L\u00f6sungen. Und optimieren so Kundenbindung und Vertriebserfolg.<\/p>\n\n\n\n<p>Lunatic \u00fcbernimmt alle Gestaltungsaufgaben.<br>Von der Ausstellungsgestaltung bis zur Webpr\u00e4senz.<br>Lunatic konzipiert, realisiert und implementiert <br>Kommunikationsl\u00f6sungen und Gesch\u00e4ftsprozesse f\u00fcr Sie mit Ihnen.<\/p>\n","protected":false},"excerpt":{"rendered":"<p>Design steht am Ende des Innovationsprozesses. Design ist, was der Nutzer zuerst zu sehen bekommt. Deshalb steht Design \u00fcber dem gesamten Wertfindungsprozess von der Beratung bis zur erfolgreichen Digitalisierung. Wir denken Produkte und Dienstleistungen vom Design kommend. &#8211; Design Thinking &#8211; Gemeinsam mit Ihnen entwickeln wir f\u00fcr immer neue Kommunikationskan\u00e4le zielgerichtete L\u00f6sungen. Und optimieren so &hellip; <\/p>\n<p class=\"link-more\"><a href=\"https:\/\/lunatic.de\/WP-Lunatic\/design\/\" class=\"more-link\"><span class=\"screen-reader-text\">\u201e1. Design\u201c<\/span> weiterlesen<\/a><\/p>\n","protected":false},"author":1,"featured_media":227,"parent":0,"menu_order":1,"comment_status":"closed","ping_status":"closed","template":"","meta":{"footnotes":""},"class_list":["post-152","page","type-page","status-publish","has-post-thumbnail","hentry"],"_links":{"self":[{"href":"https:\/\/lunatic.de\/WP-Lunatic\/wp-json\/wp\/v2\/pages\/152","targetHints":{"allow":["GET"]}}],"collection":[{"href":"https:\/\/lunatic.de\/WP-Lunatic\/wp-json\/wp\/v2\/pages"}],"about":[{"href":"https:\/\/lunatic.de\/WP-Lunatic\/wp-json\/wp\/v2\/types\/page"}],"author":[{"embeddable":true,"href":"https:\/\/lunatic.de\/WP-Lunatic\/wp-json\/wp\/v2\/users\/1"}],"replies":[{"embeddable":true,"href":"https:\/\/lunatic.de\/WP-Lunatic\/wp-json\/wp\/v2\/comments?post=152"}],"version-history":[{"count":7,"href":"https:\/\/lunatic.de\/WP-Lunatic\/wp-json\/wp\/v2\/pages\/152\/revisions"}],"predecessor-version":[{"id":232,"href":"https:\/\/lunatic.de\/WP-Lunatic\/wp-json\/wp\/v2\/pages\/152\/revisions\/232"}],"wp:featuredmedia":[{"embeddable":true,"href":"https:\/\/lunatic.de\/WP-Lunatic\/wp-json\/wp\/v2\/media\/227"}],"wp:attachment":[{"href":"https:\/\/lunatic.de\/WP-Lunatic\/wp-json\/wp\/v2\/media?parent=152"}],"curies":[{"name":"wp","href":"https:\/\/api.w.org\/{rel}","templated":true}]}}